luate 7 + 1 + (-3 - 3) + 11 + -4 + -9.
0
Calculate (-4 - -4) + 12 + 23 + 1.
36
Calculate 11 + (-2 + 14 - (-6 - -52)).
-23
Evaluate 25 + (-52 + -31 + 25 - -35).
2
Calculate -7 + (567 + -596 - (1 - 19)).
-18
73 - (21 + 0 + (697 - 689))
44
What is (-9 - -13 - -8) + 5 + (17 - 32)?
2
What is -47 + -15 + -22 + 36 + (8 + -3 - -3)?
-40
What is the value of 46 + 28 + -157 + 63?
-20
What is the value of 69 + -17 - (5 - 11 - -3 - 2)?
57
What is -2125 + 2145 + -2 + (0 - -1) + -5?
14
Evaluate -24 - (-24 - 1 - (-14 + 3 - 5)).
-15
Evaluate 38 + -116 + (-44 - -47).
-75
Evaluate (9 - 4) + (-2 - (6 - 13)) + -15.
-5
16 - 0 - (-10 + (11 - -1)) - -2
16
Calculate 25 - ((43 - 95) + 86).
-9
What is (-3 - (-17 + -91)) + 17?
122
What is -277 + (61 + -122 - -205)?
-133
(53 + -50 - 5 - (-3 + -1)) + 14
16
Calculate 11 + 13 + -5 - (24 + -18) - (89 - -1).
-77
Calculate 1 + 5 + 1 + (-13 + -7 + 7 - -9).
3
Evaluate 20 - (119 - 10 - 52).
-37
Calculate -93 + (72 - 0) - (13 + 1 + -3).
-32
Evaluate (36 - 48) + 7 + (-7 - -5).
-7
What is the value of 11 - (-21 - -11 - 12) - (26 + -19)?
26
What is 27 - 25 - ((-5 - -91 - 7 - -4) + -7)?
-74
-98 - ((12 - 6 - -10) + -18 - (-12 + -3))
-111
What is the value of (-421 - -422) + -4 + 3 + -46?
-46
What is the value of -82 + (-233 + 98 - -118)?
-99
-3 - (4 - (7 - 24) - 68)
44
Evaluate -2 + (-26 - -22 - 17 - 8 - (-1 - -6)).
-36
What is the value of -41 + (-38 - -51) + 5 + 15?
-8
What is -4273 + 4241 - (48 + 1)?
-81
99 + (-24 - (74 + -90) - (-1 - -4))
88
Evaluate 46 + (106 + -158 - -85).
79
Evaluate (256 - 309) + 77 + -1.
23
Calculate 81 + (-27 - 0) + -142.
-88
-68 + 179 - 48 - (0 - 47)
110
-5 - (-326 - -157) - 101
63
0 + -6 - ((24 - 7) + 2 + 11)
-36
Calculate -61 + 1 + -1 - (-1491 + 1482).
-52
1 + -30 + (-27 - -42) + 7
-7
What is 20 + (11 - 15) + -77 + -88 + 69?
-80
What is the value of 13 + -64 + 25 + 37 + -5 + -77?
-71
Evaluate -17 + -3 + 10 - (-22 + (-3 - -1)) - 1.
13
What is (256 - 240) + (-65 - 4)?
-53
Evaluate (324 - 300) + -4 + 5 + 0.
25
What is (-19 + 11 - -9) + -3 - (-57 + -3 + 10)?
48
Evaluate 36 + -29 + (-8 - -53 - 8).
44
-5 - -3 - -1 - (625 - 652)
26
Calculate 29 + (-22 - 6) + (6 - (62 + (-6 - -9))).
-58
What is (-5 - (149 - 147 - (-3 - -1))) + -72?
-81
What is (-206 - -207) + (7 - (119 - 12))?
-99
Evaluate -4 - -1 - (33 + (43 - 28) - (1 - -11)).
-39
-145 + (53 - -103) + (-1 + -25 - -2)
-13
What is the value of (0 - -27) + (-2 - -1 - -10) + (78 - 97)?
17
Evaluate (-32 + -6 - 20) + -20 + 22.
-56
(11 - 15) + (25 - (-8 + -13))
42
What is 46 + -50 + -96 + 158?
58
What is the value of (-147 - -154) + 1 + (5 - 3)?
10
(19 - 0) + 188 + -332 + (1 - 6)
-130
What is 20 - 51 - -76 - 32?
13
-63 - (7 + -40 + 43 - (-4 + 7 - 2))
-72
Evaluate -26 + (-58 + 41 - -2).
-41
Calculate -3 - (8 + -6) - (122 + -84).
-43
-1 - 1 - ((118 - 128) + -50)
58
Calculate 130 + -140 + 1 + (4 - 3).
-8
What is the value of (7 - 20 - (96 - 141)) + -46?
-14
Evaluate -28 + (61 - (55 - 5)).
-17
What is 39 + -144 + 22 - (-13 + 14)?
-84
-26 + 2 + (-14 - -202) + 18 + -40
142
What is the value of 37 + -21 + -20 + -4 - 6?
-14
Evaluate 21 + ((42 - 29) + -3 - (-7 - -2 - -4)).
32
What is (-13 - (-4 - (-5 - (-35 - -15) - 13))) + -78?
-85
What is -87 - -82 - (8 + -26 + 9)?
4
58 + 21 - (14 + 20)
45
Calculate (2 - (-28 + 27)) + 2 - -31.
36
(99 - 46) + -70 - (-2 + -16)
1
What is the value of (12 - (-3 + 17)) + -13?
-15
Evaluate (-35 - -66 - 14) + -36 + -9.
-28
What is the value of -18 + 10 + (27 - 20)?
-1
Evaluate 2 - (51 + -97) - 4.
44
What is 38 + -60 + 43 - (1 - -11)?
9
(12 - (-25 + 48)) + 32
21
What is 13 - (14 + (0 - 8) + -15 - 3)?
25
Evaluate 12 - (22 + (-1 - -15 - (2 + 6) - 8)).
-8
What is -3 - (45 + -21 + -1)?
-26
What is 17 + (79 - 75) - (-1 + 15)?
7
What is (22 - 31 - -12) + (7 - (0 - -2)) + -12?
-4
What is the value of 1 - 42 - (57 - 42) - (3 - 12 - -6)?
-53
Calculate -5 + -47 + 59 + 11 - -97.
115
Evaluate 8 - (-10 + -10 + -22).
50
What is 0 + 0 + (78 + -27 - (-7 + 18))?
40
What is -8 - ((1 - 38) + -89 + 104)?
14
Calculate (14 - 28 - -4) + -5 + (0 - -20).
5
Evaluate 90 - 41 - 4 - -7.
52
40 + (-38 - -18) - -59 - (-1 + (4 - 2))
78
What is 21 - (-89 - -104) - 35?
-29
-5 - (84 - (26 + -20 - 21 - 6))
-110
What is 7 + 76 - (-43 + 225)?
-99
Evaluate (28 - 29) + (3 - 10 - -16) + 35.
43
What is the value of -155 + 188 - (-3 - 1 - (10 + -7))?
40
What is the value of (-1 - (-26 + 12)) + -16 - (-21 - -12 - 17)?
23
Evaluate 1 - (-30 + -3 - -20 - -17).
-3
Evaluate 65 - (-140 - -72 - -68).
65
Calculate 4 + -5 - 46 - (16 + -38 - -14).
-39
Calculate (-30 - -2 - 6) + -11 + -5 + 34.
-16
What is (-59 - -65 - (4 - -1)) + -23?
-22
Calculate -5 - ((-8 - (-6 - 6)) + -9 + (-1 - -33)).
-32
Calculate -4 - 0 - (-152 + (591 - 329)).
-114
8 + (-17 - (15 + -27 + -48)) - (2 - 1)
50
What is 3 - (-5 + 9) - (82 - -7) - (1 + -8)?
-83
(95 - 143 - -77) + (-8 - 2)
19
Evaluate 3 + -15 - (7 - (8 - -53)).
42
Calculate 76 + (2 - 16 - (-12 - -20)).
54
Evaluate 50 + -76 + 76 + ((-18 - 1) + 5 - -2).
38
Evaluate 506 + -499 - (-4 + (-3 - 11)).
25
What is the value of 53 + (-14 - 1) + (5 + -5 - -3)?
41
What is the value of (11 - -5) + -3 + -22 - -21?
12
What is the value of -8 + 16 + 0 + -2 + -70 - -4?
-60
13 + (21 - ((-1 - -14) + -9) - -11)
41
What is the value of -14 - (61 - (10 - -2 - 24) - -13)?
-100
What is the value of -55 + 29 + -14 + 2 + 11 + -17?
-44
Calculate 45 + -32 - -24 - 3.
34
Evaluate (-17 - -44 - (-17 + 4)) + -8.
32
15 + (-28 - -19) - 28 - (0 + 2 + -9)
-15
-16 + (158 - 142) - (-2 + (-55 - -2))
55
What is the value of -81 + 51 + (41 - 26)?
-15
What is the value of 11 + (1 - (-18 + 14))?
16
What is 0 - (18 + 1 + -23 + 14 - 17)?
7
What is 22 + -63 + 4 + -22?
-59
10 + (9 - (27 + (-13 - -16)))
-11
What is the value of 9 + (15 + 29 + 6 - -4 - 1)?
62
What is the value of 119 - (-29 + -3 - -4 - -31)?
116
What is 80 - (53 + -15) - -17?
59
Calculate 90 + -20 + 21 + -31 + 13.
73
What is (111 - -296) + -252 + (2 - 44)?
113
68 + 9 + 1 + 7 + (-24 - -7 - -11)
79
Evaluate 2 - 51 - (-47 - -29) - 17.
-48
What is -29 + 38 - ((-1 - -10 - 7) + 0)?
7
-19 + (-202 + 105 - -122)
6
Evaluate -13 - (-44 + (1 - (-11 - -3) - 3)).
25
Calculate 200 + -141 - (7 + -5 - -2 - 16).
71
-43 + 8 + 101 + -28
38
-3 - -19 - (170 + -174) - -22
42
Calculate -110 - -74 - -48 - (0 - 1 - 5).
18
24 - 4 - (-21 - -67)
-26
22 - (43 + -49 + 7)
21
Evaluate 0 + 2 - (-3 - -70 - (15 + -6)).
-56
What is the value of -22 - (4 + -24 + 9) - 41?
-52
(7 + -22 + 11 - (-11 + -5)) + -9 - 53
-50
Calculate (2 - -1 - (30 - 32)) + (-14 - -52).
43
What is -16 - (40 - (17 + -2 + (73 - 82)))?
-50
Calculate (3 - 1 - (240 - 258)) + -115 + 27.
-68
-204 + 234 + 17 + 0
47
Evaluate 4 + -1 - (2 + -6 + 5 - -5).
-3
What is the value of 4 + (-22 + 12 + -13 - -42 - 5)?
18
Calculate -34 - (-11 + 0) - (-231 + 113).
95
What is the value of -21 + -42 - (13 + -21 - -29 - (8 + 2))?
-74
What is the value of -106 + -1 + (32 - 27 - (-19 - (-12 - 1)))?
-96
What is -1 + (-26 - -2) - (-1 - -4 - (-21 + 21))?
-28
What is 12 + (-2 - 0) + (-75 - (59 - 67))?
-57
(2 - 0 - -6) + (-1885 - -1872)
-5
What is 5 - -3 - 65 - ((11 - 13) + -11)?
-44
What is (-30 - (32 - 61)) + (4 - 33)?
-30
Calculate 51 - 26 - (8 + 59 + 12).
-54
64 - ((2 - -1) + (39 - 20))
42
Evaluate -9 + (26 - (10 + 1)) + 122 + -49.
79
-8 - (-25 + (22 - 4) - 2)
1
What is the value of (-48 - -40 - (2 - 6) - 2) + 5 + -5?
-6
Calculate (56 - 5) + -22 - 64.
-35
Evaluate 6 + (6 - 4) + (-17 - (1 + -19)) + 4.
13
Calculate (-7 - 0 - (2 + -6)) + (-30 - (118 - 164)).
13
What is 11 + -7 + (1 + (11 - (-2 + 7)) - 50)?
-39
Calculate 16 - (92 + -22 + 8 + 14 + 8).
-84
-18 + 13 + 41 - 74
-38
What is the value of (-6 + (4 - 53) - (48 + -57)) + -12 + 3?
-55
What is 13 - (76 + 0 + 5 - (54 - 56))?
-70
What is the value of -16 + 2 + 11 + 48 - ((-3 - 0) + -7)?
55
Evaluate -24 + (-19 - 5 - (-91 - -64)).
-21
What is the value of (-4 + 28 - 192 - -45) + 34?
-89
Calculate 30 + -33 + -31 + 24 - (16 + (1 - 0)).
-27
What is (0 - 37) + (-67 - -37) + -7?
-74
Evaluate 50 - 284 - -332 - ((0 - -1) + -3).
100
-134 - (52 - 72 - 52)
-62
Calculate -24 - (-102 + 85 - 73).
66
Evaluate 1 + 1 - (-11 - (-35 + 6 - -15) - 15).
14
What is -236 + 237 - ((5 - 8 - -49) + 2)?
-47
(14 - -96) + -116 + -98
-104
-7 + -4 - (-18 - -14 - (19 - 1)) - -9
20
Calculate 454 - 443 - (2 + -8) - 68.
-51
What 